of x(15)?
2, 13
Suppose -2*u + 230 = -214. List the prime factors of u.
2, 3, 37
Suppose 0 = -2*q + 23 + 61. List the prime factors of q.
2, 3, 7
Let g = -38 - 12. Suppose 2*y - 5*w = -72, -5*w + 4 = -3*w. Let p = y - g. What are the prime factors of p?
19
Suppose -99 = -3*f - 0*f. List the prime factors of f.
3, 11
Let v(n) = n - 11. Let u be 2/(-6) - 100/(-12). Let t be v(u). What are the prime factors of -2*(18/t + -1)?
2, 7
Suppose 4*n + 2*t + 3*t - 149 = 0, 0 = -5*n + t + 150. Suppose 4*d - 21 = n. What are the prime factors of d?
13
Suppose 4*i + 15 = -j, 4 = i + 2*j + 6. What are the prime factors of i/18 - 274/(-18)?
3, 5
Suppose -5*r + r = -176. Suppose 0 = -2*s + 5*h + 22, -r = -5*s + 4*h + 28. What are the prime factors of s?
2
Let w(n) = -n**2 - 4*n - 15. Let h be w(-6). Let d = h - -50. List the prime factors of d.
23
Let t = -6 - -39. Let m = t + -10. Suppose 0 = -3*k + m + 13. List the prime factors of k.
2, 3
Let c(h) = 4*h**2 - 5*h - 1. What are the prime factors of c(-2)?
5
Let p(w) be the first derivative of w**3/3 - 15*w**2/2 + 10*w + 5. List the prime factors of p(15).
2, 5
Let x(g) = 4*g**2 + 6*g + 1. List the prime factors of x(-2).
5
Let o(w) = w**2 + 3. Let m be o(0). Suppose -m*l = -5 - 1. What are the prime factors of (l + 2)*(-1)/(-2)?
2
Let j = 16 + 10. List the prime factors of j.
2, 13
Suppose -4*g + 41 + 39 = 0. Let i = g + -14. List the prime factors of (-34)/(-4) + (-3)/i.
2
List the prime factors of -5*(-6)/10 + 146.
149
Let g = 292 - 165. What are the prime factors of g?
127
Suppose -22*j + 105 = -17*j. What are the prime factors of j?
3, 7
Let u be -4*((-6)/2 - -4). List the prime factors of (-1)/(u/(41 - -3)).
11
Let m(p) = -p**3 - 4*p**2 + 5*p - 3. Let z(c) = -c**3 - 3*c**2 + 4*c - 2. Let r(o) = 4*m(o) - 5*z(o). List the prime factors of r(2).
2
Let d = -9 - -14. Suppose -5*s + 0*s + o + 210 = 0, -3*s = d*o - 126. What are the prime factors of s?
2, 3, 7
Suppose -327 = -5*h - a, -2*a + 16 = 3*h - 176. Suppose -5*d = h + 24. List the prime factors of (-3)/(39/d - -2).
2, 3
Suppose -3*m + 2*m - 3 = -2*v, 4*v - 5*m = -3. Suppose 2*k + 16 = p - 0*k, -v*k = -3*p + 33. List the prime factors of p.
2, 3
List the prime factors of (-6)/10 - (-2944)/40.
73
Suppose 9*i - 4*i = 1310. List the prime factors of i.
2, 131
Let w(y) be the second derivative of -y**5/10 + y**4/6 - y**3/6 - y. Let r be w(-2). Suppose 6 = 4*t - r. List the prime factors of t.
2
Let x = 115 - 70. Suppose 4*p - x = 35. List the prime factors of p.
2, 5
Suppose 0 = n - 4*d + 18, 2*n + 3*d + 84 = -d. Let w = 50 + n. What are the prime factors of w?
2
Suppose 474 = 7*k - 170. What are the prime factors of k?
2, 23
Suppose -l - 1 = y, -l = -3*y + 15 - 2. Suppose y*n + b - 25 - 30 = 0, -5*b + 5 = 0. What are the prime factors of n?
2, 3
Let n be (-152)/(-24) - (-8)/(-6). Suppose -31 - 26 = -2*v + 5*o, -93 = -3*v + n*o. What are the prime factors of v?
2, 3
Let u(n) = n + 4. Let b be u(0). Let z(q) = 6*q + 3. What are the prime factors of z(b)?
3
Let l(m) = 21*m**2 + 3*m + 1. Let h be l(-1). Let s(x) = 2*x + 7. Let p be s(5). Suppose -3*z - 3*j + h = z, 5*z - 3*j - p = 0. What are the prime factors of z?
2
Let n(w) = w**2 + 16*w + 10. Let g be n(-9). Let d = g - -89. What are the prime factors of d?
2, 3
Suppose -5*a = -5*c - 4*a + 1, -3*c + 4 = -4*a. Suppose 3*o - 45 = 3*w - 2*w, c = -4*o - 2*w + 50. What are the prime factors of o?
2, 7
Suppose 2*y - 3*y = 0. Suppose 3*s + t + t - 106 = y, 3*s - 101 = -t. List the prime factors of s.
2
Let r(k) = k**2 - 15*k + 14. Let l be r(12). Let y = -10 - l. List the prime factors of y.
2, 3
Let w be (-6)/(-12) + (-1)/2. Suppose w = -d - g - 3, -4*d + 4*g + 15 = -g. Suppose -16 = -2*o - 3*s, d*o + 5*s + 21 = o. What are the prime factors of o?
11
Let x = 12 + 16. List the prime factors of x.
2, 7
Suppose -3 = o, c - 1 = -o - 2. Let m = c - 1. What are the prime factors of (-2)/(-1*m/3)?
2, 3
Suppose 0 = 5*g - 0 - 10. Suppose -g*a + 3*y + 0*y = -13, -4*a - 3*y - 1 = 0. List the prime factors of a.
2
List the prime factors of 264/48 - (-2)/(5 + -1).
2, 3
Let b = 65 + -26. List the prime factors of b.
3, 13
Let l(f) = 27*f**3 + 2*f**2 - 2*f + 1. Let z be l(1). Let b = 56 - z. List the prime factors of b.
2, 7
Suppose 2*r + 1 = 5. Suppose -15 = -p - d, -2*p = -p + r*d - 15. List the prime factors of p.
3, 5
Let o = 114 - 78. Suppose -d = -5*c + 8, 3*d + 5*c - o = -0*d. What are the prime factors of d?
7
Let u = -5 + 5. Suppose 2*b - n - 9 = -u*n, -4*n = -5*b + 30. What are the prime factors of b?
2
Let g(v) = 6*v**2 - 4*v**2 + 4*v - 2 - 3*v. Let t be g(-2). Suppose -2*s = t - 16. List the prime factors of s.
2, 3
Let l(c) be the second derivative of c**3/6 + 2*c**2 - 4*c. What are the prime factors of l(6)?
2, 5
Let x(r) = r**2 - 2*r. Let d be x(3). Let q(v) = 8*v + v**2 - 3*v - d - 3. What are the prime factors of q(-7)?
2
Let p(x) = 19*x - 9. List the prime factors of p(6).
3, 5, 7
Let s(y) = y**3 - 3*y**2 - 4*y + 2. What are the prime factors of s(6)?
2, 43
Let c(a) = 0*a + 9 - 6*a - 3*a**2 + 6*a**2 - 1. What are the prime factors of c(4)?
2
Let w(s) = -s - 4. Let l be w(-3). Let o(a) = -17*a**3 - a**2 + a + 1. What are the prime factors of o(l)?
2
Let i = 193 - 78. What are the prime factors of i?
5, 23
What are the prime factors of 92/(-5)*(-1 + (-138)/12)?
2, 5, 23
Let a(r) = -16*r - 2. Let p be a(-2). Let u = -2 + p. Suppose f + 3*f - u = 0. List the prime factors of f.
7
List the prime factors of (7945/(-70))/((-6)/4 + 1).
227
Let r = -9 + 17. What are the prime factors of r?
2
Let j = -3 - -3. Suppose j = u - 5*u + 32. What are the prime factors of -2 - (-4)/(u/18)?
7
Let f = -4 + 4. Suppose f = t + 3*t - 12. Suppose l + 4*d + 18 = t*l, -2*l = -2*d - 12. List the prime factors of l.
3
Let y(q) = -68*q. List the prime factors of y(-1).
2, 17
Suppose -6*l = -4*l. What are the prime factors of -1*(-7 - l/2)?
7
Let z(r) = -17*r - 9. Let g be z(-8). Suppose x = -3*i - g, -2*i + 5*x = -11 + 73. Let s = 61 + i. What are the prime factors of s?
2, 5
Let r be (-28)/(-6) + 2/6. Suppose -17 = -p + 3*k + 2*k, -4*p + 68 = -r*k. What are the prime factors of p?
17
Suppose -2*b = -31 + 11. Let c = b - -6. List the prime factors of c.
2
Let x(y) = 1. Let w(d) = d**2 - 4*d - 14. Let a(s) = w(s) + 3*x(s). Let m be (-2)/(-3) + 22/3. What are the prime factors of a(m)?
3, 7
Suppose 2*o + 5*y - 27 = -0*y, -3*o + 3 = -5*y. Suppose u - 5 = o*u. What are the prime factors of (0 + 2 + -8)/u?
2, 3
Let y = -1 + 4. Let k = -61 + 97. Suppose y*w + 3*c = 36, -3*w + 4*c + k = c. List the prime factors of w.
2, 3
Suppose -5*w = x + 9 + 4, -5*x = w + 17. Let i be 1*2*(x + 2). List the prime factors of (-29 + (3 - 0))/i.
13
Suppose -2*t + 5 = 3, l - 3*t + 13 = 0. Let a be (-94)/l + (-2)/5. Let r = a - 0. List the prime factors of r.
3
Let z(f) = f**3 + 8*f**2 - 8. Let x be z(-8). Let t = x + 3. Let m = t + 19. List the prime factors of m.
2, 7
Suppose 4*x - 69 = 95. Suppose 114 = 5*a - x. List the prime factors of a.
31
Suppose -2*l + 4 = -0. Suppose 8 = 2*b - l. Suppose a - 5 - b = 0. What are the prime factors of a?
2, 5
Let o = 171 + -110. What are the prime factors of o?
61
Let u(o) = -o + 0*o - 4 - 2 + 2. What are the prime factors of u(-6)?
2
Suppose 4*n = o + 50, 2*n + 11 = 3*n - o. Let l = n - 50. What are the prime factors of l/(-3) + (-4)/12?
2, 3
Let u(a) = -84*a**3 + 1. What are the prime factors of u(-1)?
5, 17
Let i(a) = 10*a + 5. What are the prime factors of i(9)?
5, 19
Let a(n) = n - 3. Let x be a(6). Let r(w) = 6*w + 4. List the prime factors of r(x).
2, 11
Suppose -a + 1 + 2 = 4*c, -5*a = -4*c + 9. Let q = 3 + a. Suppose 0 = 5*o - q*i - 51, 0 = 4*o - 5*i - 12 - 39. What are the prime factors of o?
3
What are the prime factors of (-387)/(-18) + (-1)/2?
3, 7
Let v(b) = -b**2 + 9*b + 6. Let k be (-2)/(-2) + (-8)/(-4). Suppose 3*r - t = 29, 0 = r + 5*t - 2 + k. What are the prime factors of v(r)?
2, 3
Suppose 196 = 3*r + 4*j, 5*j = -2*r + 6*j + 127. What are the prime factors of r?
2
Let y(p) = -34 + 43 + 7*p + p**2 + 2*p. What are the prime factors of y(-10)?
19
Let p be 4/(-14) + (-19)/7. Let q = p - -5. What are the prime factors of 9 + (0 - q) + 4?
11
Let x(n) = 5*n**2 - 6*n. Let u be x(4). List the prime factors 